{"id":16,"date":"2017-02-02T12:18:30","date_gmt":"2017-02-02T12:18:30","guid":{"rendered":"http:\/\/beta.sv-boele.de\/?page_id=16"},"modified":"2017-02-02T13:01:28","modified_gmt":"2017-02-02T13:01:28","slug":"verein","status":"publish","type":"page","link":"https:\/\/sv-boele.de\/?page_id=16","title":{"rendered":"Verein"},"content":{"rendered":"<div id=\"fb-root\"><\/div>\n<h2>Wir \u00fcber uns<\/h2>\n<p>Der Sch\u00fctzenverein Hagen-Boele e.V. besteht seit 1834. Die Ziele des Vereins sind nach wie vor:<\/p>\n<p>\u2022 Erhaltung der Tradition des Sch\u00fctzenwesens<br \/>\n\u2022 Aus\u00fcbung des Schie\u00dfsports nach der Sportordnung des DSB<br \/>\n\u2022 F\u00f6rderung der Jugend hinsichtlich des Schie\u00dfsports<\/p>\n<p>Wir verstehen uns als Verein innerhalb der Vereinsgemeinschaft Boele und des Sch\u00fctzenkreises Hagen. Auch sind wir Mitglied im \u00bbWestf\u00e4lischen Sch\u00fctzenbund\u00ab und damit auch im \u00bbDeutschen Sch\u00fctzenbund\u00ab.<br \/>\nDie F\u00f6rderung der Jugend halten wir f\u00fcr einen ganz wichtigen Bestandteil unserer Vereinsarbeit. Bedeutet die Jugend doch die Zukunft nicht nur des Vereins.<br \/>\nLeider hat der Schie\u00dfsport in der Bev\u00f6lkerung ein negatives Image, was unserer Meinung nach unberechtigt ist. Der Schie\u00dfsport bedeutet kein Rumballern, sondern verlangt vom Sch\u00fctzen h\u00f6chste Konzentration und innere Ruhe. Das Zusammenspiel von Geist und K\u00f6rper bedeutet h\u00f6chste Anstrengung und Ausgeglichenheit.<br \/>\nIn den Rundenwettk\u00e4mpfen messen sich die aktiven Sch\u00fctzen mit den Sch\u00fctzen des Sch\u00fctzenkreises Hagen. Einmal im Monat von Oktober bis M\u00e4rz finden die Wettk\u00e4mpfe in den Luftdruckwaffendisziplinen statt.<\/p>\n<p>Bei den Meisterschaften beteiligen sich auch die Boeler Sch\u00fctzen erfolgreich. Einige Sch\u00fctzen schafften es sogar bis zur Deutschen Meisterschaft.<\/p>\n<p>Auch h\u00e4lt der Verein Freundschaft mit einem Sch\u00fctzenverein im Allg\u00e4u, dem Sch\u00fctzenverein Ungerhausen. Im Mai 2005 fuhr die Jugend des Vereins f\u00fcr ein paar Tage nach Ungerhausen und verbrachte dort sch\u00f6ne Tage. Im Jahre 2007 besuchte uns dann eine Abordnung des Sch\u00fctzenvereins und die Blaskapelle Ungerhausen welche auf unserem Sch\u00fctzenfest spielte. Dieser Kapelle haben wir es mit zu verdanken, dass das Fest ein voller Erfolg wurde. Im n\u00e4chsten Jahr werden wir dann sicherlich wieder einmal mit einer Abordnung nach Ungerhausen fahren.<\/p>\n<p>Seit dem Jahr 2007 beteiligt sich die Boeler Vereinsgemeinschaft am Maiumzug. Auch der Sch\u00fctzenverein ist als \u00e4ltester Verein in Boele mit dabei.<\/p>\n<p>Das j\u00e4hrlich stattfindende Sch\u00fctzenfest ist der H\u00f6hepunkt des Jahres f\u00fcr den Verein. Auch hier engagieren sich die Mitglieder. Ohne die Frauen des Vereins und die Ehefrauen der Sch\u00fctzen k\u00f6nnte das Fest nicht stattfinden. Sie sind fester Bestandteil des Vereins.<\/p>\n<p>Die Beteiligung am Boeler Weihnachtsmarkt geh\u00f6rt mittlerweile seit \u00fcber 10 Jahren zur Tradition. Auch hier opfern unsere Frauen ihre Zeit, um f\u00fcr den Weihnachtsmarkt Sachen einzukaufen oder Selbstgebasteltes einzubringen.<\/p>\n<p>Zum Jahresabschluss findet in der Sportst\u00e4tte in Helfe unsere Weihnachtsfeier statt. Diese Feier gilt auch als \u00bbDankesch\u00f6n\u00ab f\u00fcr die von den Sch\u00fctzen und Frauen im Jahr geleistete Arbeit.<\/p>\n<p>Besuchen Sie uns doch mal in unserer Sportst\u00e4tte. Die Trainingszeiten und die Wegbeschreibung finden Sie auf dieser Homepage.<\/p>\n<p>Horrido!<\/p>\n","protected":false},"excerpt":{"rendered":"<p>Wir \u00fcber uns Der Sch\u00fctzenverein Hagen-Boele e.V. besteht seit 1834. Die Ziele des Vereins sind nach wie vor: \u2022 Erhaltung der Tradition des Sch\u00fctzenwesens \u2022 &#8230; <a title=\"Verein\" class=\"read-more\" href=\"https:\/\/sv-boele.de\/?page_id=16\">weiterlesen<\/a><\/p>\n","protected":false},"author":1,"featured_media":0,"parent":0,"menu_order":0,"comment_status":"closed","ping_status":"closed","template":"","meta":{"footnotes":""},"class_list":["post-16","page","type-page","status-publish"],"_links":{"self":[{"href":"https:\/\/sv-boele.de\/index.php?rest_route=\/wp\/v2\/pages\/16"}],"collection":[{"href":"https:\/\/sv-boele.de\/index.php?rest_route=\/wp\/v2\/pages"}],"about":[{"href":"https:\/\/sv-boele.de\/index.php?rest_route=\/wp\/v2\/types\/page"}],"author":[{"embeddable":true,"href":"https:\/\/sv-boele.de\/index.php?rest_route=\/wp\/v2\/users\/1"}],"replies":[{"embeddable":true,"href":"https:\/\/sv-boele.de\/index.php?rest_route=%2Fwp%2Fv2%2Fcomments&post=16"}],"version-history":[{"count":3,"href":"https:\/\/sv-boele.de\/index.php?rest_route=\/wp\/v2\/pages\/16\/revisions"}],"predecessor-version":[{"id":1198,"href":"https:\/\/sv-boele.de\/index.php?rest_route=\/wp\/v2\/pages\/16\/revisions\/1198"}],"wp:attachment":[{"href":"https:\/\/sv-boele.de\/index.php?rest_route=%2Fwp%2Fv2%2Fmedia&parent=16"}],"curies":[{"name":"wp","href":"https:\/\/api.w.org\/{rel}","templated":true}]}}